0. List the prime factors of y.
2, 3
Let o(i) = 17*i**2 - 1. Let s be o(1). Let g = s - -4. What are the prime factors of g?
2, 5
Let g(f) = -f**3 + 6*f**2 + 8*f - 3. Let c be g(7). Suppose -2*o + h - 4 + 8 = 0, -c*o + h = -10. Suppose -o*r = -31 - 8. List the prime factors of r.
13
Suppose 5*n + 1 - 11 = 0. Suppose -4*i - 21 = -5*a - i, 2*a = -n*i + 2. Suppose x = a*p - 9, -x + 2*p - 14 = -2*p. List the prime factors of x.
2, 3
Suppose 12 = 4*w, 0 = -2*p + p + w + 9. Suppose -3*h + p = -h. Suppose 0 = r - h - 1. What are the prime factors of r?
7
Let n be (3 + -3)/(3/(-1)). Let v = 4 - n. What are the prime factors of v?
2
Let w = 309 - 137. List the prime factors of 6/(-21) - w/(-14).
2, 3
Let i(l) be the first derivative of -l**5/120 + 11*l**4/24 - l**3 + 1. Let o(q) be the third derivative of i(q). What are the prime factors of o(0)?
11
Let l = -23 - -49. What are the prime factors of l?
2, 13
Let n be (-1)/1*(-4)/4. Let d be ((-45)/(-10))/(n/2). Let v = 15 - d. List the prime factors of v.
2, 3
Let g be 102/(-27) - (-2)/(-9). What are the prime factors of 1/g*-2*64?
2
Let p be (-18)/(-4)*(-6)/(-9). Suppose -p*k + 15 = 3*t, 3*k + 8 = 5*t - 9. What are the prime factors of t?
2
Let s(i) = -i**2 - 6*i. Let h be s(-6). Suppose 3*k - m = -2, 5*k + 6 = -h*m + 3*m. Suppose 3*n - 36 = -k*n. What are the prime factors of n?
2, 3
Let f(p) = p**3 + 18*p**2 + 15*p - 21. What are the prime factors of f(-17)?
13
Suppose -o = -2*p - 5 - 0, 0 = -o - 3*p + 10. Suppose 5*t = o + 8. What are the prime factors of t?
3
Let f = 0 - 0. Let h(c) = -c**3 + 8. What are the prime factors of h(f)?
2
Suppose -k - 43 = -2*k. List the prime factors of k.
43
Let u(j) = 2*j**2 + 5*j + 3. List the prime factors of u(5).
2, 3, 13
Let m = 19 - 15. Suppose 13 = 2*z - 5*x, -75 = -2*z - 3*z + m*x. What are the prime factors of z?
19
Let p(a) = -1 - 8*a + 2 - 1 - 5. What are the prime factors of p(-6)?
43
Suppose 0 = -5*o - 10, o = 5*k - 243 - 904. What are the prime factors of k?
229
Suppose -3*f + 2*f = -27. Let d = 45 - f. What are the prime factors of d?
2, 3
Let t = 11 + -4. Let u = 31 + t. List the prime factors of u.
2, 19
Let x(m) = m**3 - 14*m**2 + 6*m + 9. What are the prime factors of x(14)?
3, 31
Suppose -15 = -q - 4*z, -3*z = q - 4*z - 10. List the prime factors of q.
11
Let f be ((-2)/(-5))/((-4)/(-280)). What are the prime factors of f - (-1 - (-2)/2)?
2, 7
Suppose -71*k + 68*k + 369 = 0. What are the prime factors of k?
3, 41
Let m(w) = -w + 14. Let g be m(10). Suppose -g*v + 0*v = -32. Let x = 14 - v. What are the prime factors of x?
2, 3
Let s = -165 - -349. What are the prime factors of s?
2, 23
Let d = 2 + 1. Suppose 0 = -0*h - d*h + 54. Let n = h + -7. What are the prime factors of n?
11
Let u = 138 + -78. What are the prime factors of u?
2, 3, 5
Let i be (-31)/4 - 6/24. Let m = i - -5. Let h = m + 14. What are the prime factors of h?
11
Let w be 4/(-5)*(-10)/4. Let t be (2/3)/(1/18). List the prime factors of 4/6*t/w.
2
Let r(q) = -q**3 - 7*q**2 - 5*q + 8. What are the prime factors of r(-7)?
43
Let x = -17 - -286. What are the prime factors of x?
269
Let j(f) = -1. Let y(c) = -c + 10. Let a(d) = 2*j(d) + y(d). Let r be a(4). What are the prime factors of (0 + -2)/(r/(-22))?
11
Suppose 0 = -2*r + 5*s + 227 + 14, 4*r + 5*s = 527. List the prime factors of r.
2
Let c(x) = 1. Let o(d) = -d + 11. Let s(f) = -5*c(f) + o(f). Let j be ((-12)/10)/(2/10). What are the prime factors of s(j)?
2, 3
Suppose 2*q = w - 32, 4*q - 6 + 98 = -5*w. Let t = q + 32. What are the prime factors of t?
2, 7
Let s = -45 - -85. List the prime factors of s.
2, 5
What are the prime factors of (4 - 3)*4 + 24?
2, 7
Let c(t) = 342*t**2 - 3*t + 2. What are the prime factors of c(1)?
11, 31
Let i(d) be the first derivative of -d**3/3 - 2*d**2 + d + 2. Let j be i(-3). Suppose l - 2*m - 2*m = j, -3 = -m. What are the prime factors of l?
2
Suppose -5*g + 2*j - 142 = 0, -4*g - 125 + 1 = j. Let z = -20 - g. What are the prime factors of z?
2, 5
Let x(t) = t - 1. Let d be x(-2). Let c be (d/5)/((-4)/60). Let g = c - 5. What are the prime factors of g?
2
Let a(y) = 4*y + 3. Let v(c) = 17*c + 13. Let x(o) = 26*a(o) - 6*v(o). Let j be x(-2). Let u = j - -12. What are the prime factors of u?
2
Suppose f - 4 = -0*f. Suppose -f*p + 63 = 2*s - 7*s, 4*p = -4*s + 36. What are the prime factors of p?
2, 3
Let d(b) = -b + 6. Let t be d(-6). What are the prime factors of 213/t - (-1)/4?
2, 3
Let n(c) = -3*c. Let a be n(-3). Suppose 0 = -4*j - i + a, -3 = -3*i - 0*i. What are the prime factors of j?
2
What are the prime factors of 7/(-28) - (-338)/8?
2, 3, 7
Let i = 78 + -1. List the prime factors of i.
7, 11
Let b = -118 + 210. List the prime factors of b.
2, 23
Suppose -5 = -g - 3*d + 10, d - 5 = -g. Suppose k - j - 13 = g, -3*k + 4*j + 63 = 2*k. What are the prime factors of k?
11
Suppose 2*i + 15 = i. Let k = -3 - i. Let x = -6 + k. What are the prime factors of x?
2, 3
Suppose 0 = 2*v - 5*v. Suppose v*p + p - 128 = 0. What are the prime factors of (-6)/(-10) - p/(-20)?
7
Let d(p) = 0*p**3 - 8*p**2 - 2 - 10*p - p**3 + 2*p. List the prime factors of d(-7).
5
Suppose 2*m + 2 = -0*m. Let d = m + 5. Suppose 2*b + q - 31 = 0, -d*q + 10 + 2 = 0. What are the prime factors of b?
2, 7
Let v(r) = r**2 - 2*r + 4. Let p = 2 - 5. Let w be (0 - p)*(3 + -4). List the prime factors of v(w).
19
Suppose 6 + 1 = h. What are the prime factors of h?
7
Suppose 3*n - m + 0*m - 74 = 0, -m = -2*n + 51. What are the prime factors of n?
23
Suppose -14*b + 16*b = 172. What are the prime factors of b?
2, 43
Let q(y) = y**2 - 10*y + 7. Let v be q(7). Let b = v - -20. List the prime factors of b.
2, 3
Suppose -2*c + t = -18, -10 = -c - 3*t + 4*t. Let z be (c/8)/(1/(-9)). List the prime factors of 4/(-6) - 51/z.
5
Suppose -l - 6 - 5 = 0. Let t = l - -16. What are the prime factors of 3/t - 111/(-15)?
2
Let x = -43 + 62. Suppose 0 = -5*w + x + 1. What are the prime factors of w?
2
Let s = 21 + -29. Let r = 3 - s. List the prime factors of r.
11
Let l(i) = -i**2 + 5*i + 6. Let k(s) = 3*s**2 - 11*s - 13. Let w(g) = 3*k(g) + 7*l(g). Let y be w(-4). Let n = y + -13. What are the prime factors of n?
2, 7
Let j = 51 + 29. What are the prime factors of j?
2, 5
Let n = 16 - 6. What are the prime factors of n?
2, 5
Let v = 35 - 57. Let g = 35 + v. List the prime factors of g.
13
Let j = 16 + -9. List the prime factors of j.
7
Let y(n) = -n + 46. Let u be y(0). Let j = u - -39. Suppose 2*c + 3*h - 51 = 0, 2 = 4*c + 3*h - j. What are the prime factors of c?
2, 3
Let m(d) be the third derivative of -d**6/120 - d**5/6 - d**4/2 - 2*d**2. What are the prime factors of m(-9)?
3
Let q(s) be the first derivative of -2*s**4 + s**3/3 - s**2/2 - s + 3. What are the prime factors of q(-1)?
3
Let g = 17 + -12. Suppose 93 + 82 = g*f. What are the prime factors of 228/14 + (-10)/f?
2
Let z(m) = m**2 + 3*m - 1. Let w be z(-5). Suppose 0 = 2*q + v - 2*v - w, 4*v = -q + 18. What are the prime factors of q?
2, 3
Let u(d) = 5*d**3 - 2*d**2 + d. Let m be u(1). Suppose a = 4*p + 40, m*p = a + 3*p - 25. List the prime factors of a.
2, 5
Let j(c) = -16*c - 5. Let k(x) = 225*x + 70. Let y(q) = 85*j(q) + 6*k(q). List the prime factors of y(-2).
3, 5
Suppose 0 = j - 5*j + 144. List the prime factors of j.
2, 3
Let z(v) = -v**2 + v. Let q(u) = 16*u**2 + 6*u + 1. Let t(h) = q(h) - 5*z(h). What are the prime factors of t(-1)?
3, 7
Let q(m) = -m**2 + m + 1. Let t be q(-2). Let j(n) = -n**2 - 7*n + 7. What are the prime factors of j(t)?
17
Suppose 0 = 3*m - m - 4. Suppose 0 = m*r - 6 - 4. What are the prime factors of r?
5
Let w(p) = 64*p**2 - p + 5. What are the prime factors of w(-2)?
263
Let n(x) = -x**2 - 7*x + 3. Let b be n(-7). Suppose 2 = b*q - 58. List the prime factors of q.
2, 5
Let p(g) = -g**2 - 3*g + 9. Let b(x) = -x + 1. Let l(u) = 3*b(u) - p(u). List the prime factors of l(-5).
19
Let n be -4*1/(2/(-2)). Let v(l) = -4*l + 2. Let g be v(2). Let k = n - g. List the prime factors of k.
2, 5
Let z = 76 - 42. List the prime factors of z.
2, 17
Suppose 0 = -f - 4 + 10. What are the prime factors of f?
2, 3
Let u(p) = -p**2 - 14*p - 11. List the prime factors of u(-10).
29
Let f be (15/6 - 2)*8. Suppose 0 = -f*y + 5*r + 83, 3*y - 2*r = 3*r + 61. Let n = -13 + y. Li